82?
1
What is the ten thousands digit of 1138286817?
8
What is the ten thousands digit of 2777737?
7
What is the tens digit of 606891920?
2
What is the hundred thousands digit of 463537496?
5
What is the millions digit of 28924248?
8
What is the ten millions digit of 84427432?
8
What is the millions digit of 2341338923?
1
What is the hundred thousands digit of 30260554?
2
What is the ten thousands digit of 86140445?
4
What is the hundreds digit of 37617087?
0
What is the units digit of 1303391624?
4
What is the ten millions digit of 126199831?
2
What is the units digit of 110165703?
3
What is the ten thousands digit of 283159174?
5
What is the hundred millions digit of 209475899?
2
What is the hundreds digit of 96258731?
7
What is the ten millions digit of 214964903?
1
What is the ten thousands digit of 16131976?
3
What is the millions digit of 1163220887?
3
What is the ten millions digit of 57801879?
5
What is the units digit of 44901574?
4
What is the ten millions digit of 4831675355?
3
What is the hundreds digit of 654903247?
2
What is the units digit of 54680805?
5
What is the thousands digit of 2110077127?
7
What is the ten thousands digit of 86003403?
0
What is the ten millions digit of 320430880?
2
What is the ten thousands digit of 1643374342?
7
What is the hundreds digit of 294013116?
1
What is the ten thousands digit of 6285682294?
8
What is the hundreds digit of 5075143954?
9
What is the millions digit of 641665114?
1
What is the tens digit of 1063589214?
1
What is the hundred thousands digit of 3063915067?
9
What is the hundreds digit of 48413925?
9
What is the hundred thousands digit of 97867169?
8
What is the hundred thousands digit of 637915274?
9
What is the hundred thousands digit of 358109591?
1
What is the ten millions digit of 428537911?
2
What is the thousands digit of 103750281?
0
What is the billions digit of 2034219524?
2
What is the ten thousands digit of 67323037?
2
What is the units digit of 29071427?
7
What is the tens digit of 19785419?
1
What is the millions digit of 506888370?
6
What is the units digit of 206319391?
1
What is the tens digit of 52186537?
3
What is the ten millions digit of 20065438?
2
What is the millions digit of 227647933?
7
What is the ten thousands digit of 73123461?
2
What is the thousands digit of 82888218?
8
What is the millions digit of 1004230013?
4
What is the tens digit of 2491415402?
0
What is the millions digit of 395230970?
5
What is the units digit of 4069868676?
6
What is the hundred thousands digit of 223924151?
9
What is the hundreds digit of 3265915184?
1
What is the hundreds digit of 2498325387?
3
What is the millions digit of 526930649?
6
What is the units digit of 2198214014?
4
What is the ten millions digit of 245758822?
4
What is the hundred millions digit of 186228480?
1
What is the ten thousands digit of 2271195670?
9
What is the ten thousands digit of 65172?
6
What is the thousands digit of 217439683?
9
What is the millions digit of 4488238200?
8
What is the tens digit of 122398865?
6
What is the tens digit of 258405591?
9
What is the millions digit of 54358468?
4
What is the hundred thousands digit of 709318185?
3
What is the ten millions digit of 16729447?
1
What is the ten millions digit of 561458931?
6
What is the hundreds digit of 43699410?
4
What is the units digit of 22056331?
1
What is the millions digit of 32747352?
2
What is the thousands digit of 218439604?
9
What is the ten thousands digit of 3771676?
7
What is the hundreds digit of 136614204?
2
What is the thousands digit of 1897074333?
4
What is the ten thousands digit of 5565248?
6
What is the units digit of 21522571?
1
What is the tens digit of 247439748?
4
What is the billions digit of 6087464272?
6
What is the thousands digit of 246346559?
6
What is the millions digit of 2263582838?
3
What is the units digit of 23075133?
3
What is the hundreds digit of 32683631?
6
What is the hundred millions digit of 3205358444?
2
What is the thousands digit of 112998788?
8
What is the thousands digit of 288054484?
4
What is the ten thousands digit of 1968083767?
8
What is the thousands digit of 3840845005?
5
What is the ten millions digit of 1238286086?
3
What is the hundred thousands digit of 1642378419?
3
What is the thousands digit of 1453755462?
5
What is the tens digit of 21533550?
5
What is the ten millions digit of 37603111?
3
What is the hundreds digit of 744529796?
7
What is the hundred thousands digit of 24293706?
2
What is the ten millions digit of 141496681?
4
What is the tens digit of 66790922?
2
What is the tens digit of 123428063?
6
What is the thousands digit of 1798520666?
0
What is the thousands digit of 172691583?
1
What is the hundred thousands digit of 80834526?
8
What is the hundreds digit of 702581677?
6
What is the millions digit of 512602753?
2
What is the tens digit of 3903357?
5
What is the ten thousands digit of 1309011491?
1
What is the millions digit of 1409622360?
9
What is the ten millions digit of 50182074?
5
What is the hundred millions digit of 300553969?
3
What is the billions digit of 1521459428?
1
What is the millions digit of 155244411?
5
What is the thousands digit of 666232974?
2
What is the thousands digit of 1143412318?
2
What is the billions digit of 6407825485?
6
What is the hundreds digit of 1014394964?
9
What is the tens digit of 67514715?
1
What is the ten thousands digit of 4413288680?
8
What is the hundred millions digit of 5361043953?
3
What is the ten millions digit of 982489852?
8
What is the tens digit of 4496203148?
4
What is the billions digit of 5618688062?
5
What is the units digit of 612234011?
1
What is the hundreds digit of 308120511?
5
What is the ten thousands digit of 793525962?
2
What is the units digit of 5702214664?
4
What is the millions digit of 3065754234?
5
What is the hundred thousands digit of 423675243?
6
What is the units digit of 3569988247?
7
What is the ten millions digit of 1391027797?
9
What is the tens digit of 467441278?
7
What is the units digit of 12814907?
7
What is the ten millions digit of 676324700?
7
What is the ten millions digit of 33207724?
3
What is the units digit of 124276873?
3
What is the millions digit of 180762170?
0
What is the hundred thousands digit of 91128944?
1
What is the millions digit of 40005467?
0
What is the tens digit of 6460828437?
3
What is the thousands digit of 463952880?
2
What is the ten thousands digit of 74735867?
3
What is the hundred thousands digit of 260644939?
6
What is the hundreds digit of 1113432539?
5
What is the tens digit of 949558949?
4
What is the ten thousands digit of 121364830?
6
What is the thousands digit of 96903634?
3
What is the ten millions digit of 5312776757?
1
What is the hundred millions digit of 298965069?
2
What is the units digit of 211212334?
4
What is the units digit of 68134933?
3
What is the tens digit of 6561485?
8
What is the units digit of 106341588?
8
What is the units digit of 297874469?
9
What is the hundred thousands digit of 53210599?
2
What is the thousands digit of 307232468?
2
What is the hundred thousands digit of 179545813?
5
What is the millions digit of 7971860?
7
What is the hundreds digit of 1438412662?
6
What is the hundred thousands digit of 207593018?
5
What is the tens digit of 442265945?
4
What is the thousands digit of 863684257?
4
What is the ten millions digit of 3451384802?
5
What is the thousands digit of 9024141?
4
What is the hundred millions digit of 239405707?
2
What is the ten thousands digit of 6695928951?
2
What is the units digit of 69137566?
6
What is the thousands digit of 233289738?
9
What is the tens digit of 661994243?
4
What is the hundred millions digit of 1354492692?
3
What is the ten thousands digit of 119596610?
9
What is the millions digit of 119386013?
9
What is the hundreds digit of 4386166623?
6
What is the units digit of 135115317?
7
What is the tens digit of 1602086102?
0
What is the ten thousands digit of 105318099?
1
What is the units digit of 163189013?
3
What is the units digit of 550004433?
3
What is the hundreds digit of 123860034?
0
What is the tens digit of 210842783?
8
What is the ten thousands digit of 5129533797?
3
What is the tens digit of 304693609?
0
What is the hundred millions digit of 677664147?
